4
What is the remainder when 1096 is divided by 30?
16
What is the remainder when 546 is divided by 55?
51
Calculate the remainder when 210 is divided by 61.
27
What is the remainder when 2552 is divided by 190?
82
What is the remainder when 2324 is divided by 289?
12
Calculate the remainder when 226 is divided by 12.
10
Calculate the remainder when 3967 is divided by 5.
2
What is the remainder when 5 is divided by 4?
1
What is the remainder when 405 is divided by 12?
9
Calculate the remainder when 2012 is divided by 169.
153
Calculate the remainder when 2454 is divided by 8.
6
Calculate the remainder when 110 is divided by 63.
47
What is the remainder when 158 is divided by 7?
4
What is the remainder when 2228 is divided by 15?
8
What is the remainder when 505 is divided by 16?
9
Calculate the remainder when 399 is divided by 6.
3
What is the remainder when 2063 is divided by 12?
11
Calculate the remainder when 488 is divided by 45.
38
Calculate the remainder when 96 is divided by 52.
44
Calculate the remainder when 884 is divided by 288.
20
Calculate the remainder when 24528 is divided by 37.
34
Calculate the remainder when 372 is divided by 52.
8
What is the remainder when 278 is divided by 57?
50
What is the remainder when 5317 is divided by 14?
11
What is the remainder when 236 is divided by 34?
32
What is the remainder when 2982 is divided by 745?
2
Calculate the remainder when 388 is divided by 15.
13
Calculate the remainder when 14248 is divided by 6.
4
Calculate the remainder when 576 is divided by 58.
54
What is the remainder when 3890 is divided by 33?
29
Calculate the remainder when 5722 is divided by 159.
157
What is the remainder when 6106 is divided by 12?
10
Calculate the remainder when 446 is divided by 75.
71
Calculate the remainder when 475 is divided by 236.
3
Calculate the remainder when 95 is divided by 17.
10
Calculate the remainder when 1840 is divided by 307.
305
What is the remainder when 149 is divided by 6?
5
Calculate the remainder when 274 is divided by 66.
10
Calculate the remainder when 287 is divided by 97.
93
What is the remainder when 13317 is divided by 15?
12
Calculate the remainder when 352 is divided by 5.
2
Calculate the remainder when 408 is divided by 99.
12
What is the remainder when 55 is divided by 37?
18
Calculate the remainder when 670 is divided by 57.
43
What is the remainder when 71 is divided by 16?
7
What is the remainder when 75 is divided by 36?
3
What is the remainder when 135 is divided by 59?
17
What is the remainder when 349 is divided by 89?
82
What is the remainder when 93 is divided by 18?
3
What is the remainder when 178 is divided by 26?
22
What is the remainder when 6273 is divided by 251?
249
What is the remainder when 94 is divided by 14?
10
Calculate the remainder when 198 is divided by 50.
48
Calculate the remainder when 6158 is divided by 80.
78
Calculate the remainder when 2727 is divided by 35.
32
Calculate the remainder when 162 is divided by 37.
14
Calculate the remainder when 5030 is divided by 23.
16
What is the remainder when 1214 is divided by 136?
126
What is the remainder when 14 is divided by 5?
4
Calculate the remainder when 656 is divided by 30.
26
What is the remainder when 4415 is divided by 39?
8
What is the remainder when 3069 is divided by 280?
269
What is the remainder when 74 is divided by 47?
27
Calculate the remainder when 160 is divided by 21.
13
What is the remainder when 94527 is divided by 211?
210
What is the remainder when 570 is divided by 187?
9
Calculate the remainder when 1199 is divided by 119.
9
Calculate the remainder when 242 is divided by 73.
23
What is the remainder when 859 is divided by 10?
9
What is the remainder when 827 is divided by 273?
8
Calculate the remainder when 155 is divided by 50.
5
Calculate the remainder when 1779 is divided by 85.
79
Calculate the remainder when 358 is divided by 53.
40
Calculate the remainder when 103 is divided by 15.
13
What is the remainder when 1139 is divided by 60?
59
Calculate the remainder when 1224 is divided by 319.
267
What is the remainder when 8768 is divided by 179?
176
What is the remainder when 57 is divided by 9?
3
What is the remainder when 762 is divided by 276?
210
What is the remainder when 759 is divided by 365?
29
Calculate the remainder when 100 is divided by 53.
47
What is the remainder when 163 is divided by 13?
7
What is the remainder when 72 is divided by 35?
2
What is the remainder when 226 is divided by 11?
6
Calculate the remainder when 141 is divided by 45.
6
What is the remainder when 365 is divided by 127?
111
What is the remainder when 138 is divided by 28?
26
What is the remainder when 299 is divided by 40?
19
Calculate the remainder when 7550 is divided by 59.
57
Calculate the remainder when 1226 is divided by 605.
16
What is the remainder when 3859 is divided by 143?
141
Calculate the remainder when 51 is divided by 2.
1
Calculate the remainder when 263 is divided by 86.
5
What is the remainder when 16836 is divided by 10?
6
Calculate the remainder when 489 is divided by 41.
38
Calculate the remainder when 4371 is divided by 41.
25
What is the remainder when 106 is divided by 10?
6
Calculate the remainder when 8 is divided by 3.
2
What is the remainder when 1344 is divided by 96?
0
Calculate the remainder when 771 is divided by 6.
3
Calculate the remainder when 242 is divided by 7.
4
What is the remainder when 955 is divided by 48?
43
What is the remainder when 708 is divided by 145?
128
Calculate the remainder when 442 is divided by 12.
10
What is the remainder when 66 is divided by 1?
0
What is the remainder when 679 is divided by 76?
71
Calculate the remainder when 473 is divided by 16.
9
Calculate the remainder when 3194 is divided by 80.
74
Calculate the remainder when 289 is divided by 140.
9
Calculate the remainder when 66 is divided by 51.
15
Calculate the remainder when 287 is divided by 41.
0
What is the remainder when 586 is divided by 42?
40
What is the remainder when 15 is divided by 11?
4
What is the remainder when 145 is divided by 3?
1
What is the remainder when 111 is divided by 25?
11
What is the remainder when 1288 is divided by 6?
4
What is the remainder when 611 is divided by 146?
27
Calculate the remainder when 306 is divided by 57.
21
What is the remainder when 152 is divided by 137?
15
What is the remainder when 440 is divided by 29?
5
Calculate the remainder when 609 is divided by 12.
9
Calculate the remainder when 918 is divided by 126.
36
Calculate the remainder when 100 is divided by 61.
39
Calculate the remainder when 1765 is divided by 13.
10
Calculate the remainder when 566 is divided by 21.
20
What is the remainder when 139 is divided by 24?
19
Calculate the remainder when 131 is divided by 77.
54
What is the remainder when 167 is divided by 95?
72
Calculate the remainder when 203 is divided by 70.
63
Calculate the remainder when 4206 is divided by 31.
21
What is the remainder when 2807 is divided by 701?
3
Calculate the remainder when 250 is divided by 83.
1
What is the remainder when 30 is divided by 7?
2
Calculate the remainder when 328 is divided by 33.
31
Calculate the remainder when 649 is divided by 21.
19
Calculate the remainder when 229 is divided by 34.
25
What is the remainder when 1053 is divided by 44?
41
Calculate the remainder when 340 is divided by 43.
39
Calculate the remainder when 644 is divided by 28.
0
Calculate the remainder when 236 is divided by 14.
12
What is the remainder when 2638 is divided by 48?
46
What is the remainder when 3113 is divided by 163?
16
Calculate the remainder when 241 is divided by 117.
7
What is the remainder when 14 is divided by 11?
3
Calculate the remainder when 256 is divided by 78.
22
Calculate the remainder when 190 is divided by 60.
10
Calculate the remainder when 198 is divided by 43.
26
Calculate the remainder when 149 is divided by 62.
25
Calculate the remainder when 4427 is divided by 7.
3
What is the remainder when 433 is divided by 5?
3
Calculate the remainder when 961 is divided by 40.
1
What is the remainder when 2949 is divided by 109?
6
Calculate the remainder when 493 is divided by 19.
18
Calculate the remainder when 53 is divided by 19.
15
What is the remainder whe